is the remainder when b(5) is divided by g?
5
Let b = 8 - 5. Let s(d) = 0*d - 2*d**2 - 2*d**b - 2 + 3*d - 5*d. What is the remainder when s(-2) is divided by 3?
1
Let f = 133 - 77. Let a = f + -40. What is the remainder when (1 - 4)*-5*2 is divided by a?
14
Let i(n) = 2*n**2 + 5*n. What is the remainder when 23 is divided by i(-4)?
11
Suppose 4*p = 4*z - 24, -3*p + 2*p + 5*z - 18 = 0. Let t(n) = n**3 + 4*n**2 - 3*n - 4. What is the remainder when 40 is divided by t(p)?
12
Let y = -1 - -3. Suppose 4*s - y = 3*s. Suppose -s*n = 2*n - 148. Calculate the remainder when n is divided by 13.
11
Let b(f) = 9*f - 2*f**2 + f**2 - 2*f. Let i be b(7). Calculate the remainder when i + 8/(-3)*-3 is divided by 5.
3
Suppose -l + 14 = -4. What is the remainder when l is divided by 7?
4
Suppose 0*x = -x + 3. Suppose -6*i + x*i = -93. What is the remainder when i is divided by (-5 - (-21)/2)/((-2)/(-4))?
9
Suppose 185 = 5*l - 0*l. Let y = l + -2. Let f = 794 - 782. What is the remainder when y is divided by f?
11
Let b be (14/(-21))/((-2)/(-198)). Let x = -44 - b. Calculate the remainder when x is divided by 6.
4
Suppose 21 = 2*h - 3*o, -17 = -3*h + o + 11. Suppose -3*f + f - 16 = 3*c, -2*c = 4*f + 16. Let d = f - -5. What is the remainder when h is divided by d?
0
Let f(p) = 5*p**2 - 3*p + 1. Let k be f(4). Suppose -14 = 5*l - k. Calculate the remainder when 21 is divided by l.
10
Let j = 27 - 16. Let k = 1 + 2. Calculate the remainder when j is divided by k.
2
Suppose 4*g = -2*g + 594. Calculate the remainder when g is divided by 17.
14
Suppose 3*o + 8 = s + 142, -5*s = 25. What is the remainder when o is divided by 11?
10
Let c = 111 + -54. Let p(n) = -n + 9. What is the remainder when c is divided by p(-6)?
12
Suppose 4*b = 4*j - 228, -2*b + 299 = -0*j + 5*j. Let w(o) = o**3 + 6*o**2 - 3*o - 3. What is the remainder when j is divided by w(-6)?
14
Suppose 2*d - 92 = 4*l, 2*d = 6*l - l + 97. Let m = d + -30. Suppose 2*v = -2*a - 3*a + 22, 5*v = 2*a + 55. Calculate the remainder when v is divided by m.
5
Let s(b) = b**2 + 6*b + 1. Suppose z = -4*z + 10. Calculate the remainder when z is divided by s(-6).
0
Let a(u) = -15*u**3 - 2*u - 1. Suppose 72 = 2*x - 4*q, 2*q + 3*q = -5*x + 255. What is the remainder when x is divided by a(-1)?
14
Calculate the remainder when 22 is divided by (-660)/(-77) + 4/(-7).
6
Let r be (-6)/8 - 102/24. Let a = r + 6. What is the remainder when a is divided by 1?
0
What is the remainder when 41 is divided by (1/2)/(3/66)?
8
Suppose -5*r - 5*g = -10, -3*g = -3*r + 23 + 7. What is the remainder when 10 is divided by r?
4
Let q(x) = x**2 - 3*x**2 - 15*x**3 + x**2. What is the remainder when 40 is divided by q(-1)?
12
Let g be (-10)/(-6) + 2/6. Suppose 164 = g*f + 40. Calculate the remainder when f is divided by 16.
14
Let n(j) = -j**2 - 7*j - 4. Let v be n(-6). Let d be (-906)/(-30) + (-1)/5. Calculate the remainder when (-2)/(-2)*(v + d) is divided by 11.
10
Let i = 2 - 4. What is the remainder when (-6)/(i + (-24)/(-14)) is divided by (-2)/((-1)/((-11)/(-2)))?
10
Let u(w) = -3*w - 5. Let x(b) = 3*b + 4. Let s(d) = 3*u(d) + 4*x(d). Let l = 43 + -31. Calculate the remainder when l is divided by s(2).
5
Suppose 0 = 2*b + 17 + 31. Let n = -15 - b. What is the remainder when 25 is divided by n?
7
Let m = -336 - -536. What is the remainder when m is divided by 51?
47
Let y(j) = -j**3 + 9*j**2 - 6*j - 3. Calculate the remainder when y(6) is divided by 9.
6
Suppose -2*u = -3*u + 4. Suppose -u*d + 9*d = 60. What is the remainder when 35 is divided by d?
11
What is the remainder when (-4 - 25/2)*-6 + 4 is divided by 53?
50
Suppose 4*k + 6 = -b, 0 = 2*b + 2 + 2. What is the remainder when (k + 2 - 2) + 44 is divided by 9?
7
Let n(i) = -5*i**3 - i**2 - i - 1. Let u be n(-1). Let q(x) = u + 14*x - 2 - 5*x. What is the remainder when q(3) is divided by 10?
9
Suppose 0 = 2*u - 0*u - 42. Let p = 21 + -13. Calculate the remainder when u is divided by p.
5
Let j = 120 - 100. What is the remainder when 54 is divided by j?
14
Suppose 17*j = 21*j - 204. What is the remainder when j is divided by 27?
24
Let a be (-4)/((-24)/(-9))*2. Let w = a - -5. Suppose 0 = w*o - 0*o - 5*l + 3, 2*o - 4*l = 0. What is the remainder when o is divided by 4?
2
Let l(t) = t + 9. Let b be 1 + (3 - 2) - -6. Let s be 3/(-2 + 19/b). Calculate the remainder when l(s) is divided by 6.
5
Suppose 0 = d + 3. Let n(i) = -3*i - 7. What is the remainder when n(d) is divided by 2?
0
Calculate the remainder when 33 is divided by 60/5 - (2 - -1).
6
Suppose j + 1 - 4 = 0. What is the remainder when 3 is divided by -1 + (3/j - -2)?
1
Suppose -41 = -5*g + 14. What is the remainder when g is divided by 2?
1
Let t = -97 + 235. Calculate the remainder when t is divided by 35.
33
Suppose 3*d + 4*b = 28, 32 = -4*d + 6*d - 4*b. Calculate the remainder when 19 is divided by d.
7
Let r(n) = 3*n**2 - 2*n + 1. Let p = -16 - -18. What is the remainder when r(p) is divided by 6?
3
Suppose -60 = 2*w - 4*w. Calculate the remainder when 59 is divided by w.
29
Let z = -23 - -30. What is the remainder when z is divided by 5?
2
Suppose -3*z = 2*z - 115. Calculate the remainder when z is divided by 6.
5
Suppose 5*w - b + 975 = -2*b, -4*b = 5*w + 990. Let q be 2/9 - w/18. Suppose -p + 0 = -q. What is the remainder when p is divided by 4?
3
Suppose 4*a = 9*a - 80. Let l = 26 - a. Calculate the remainder when 17 is divided by l.
7
Let m(o) = -o**3 - 3*o**2 - o - 1. Let g be m(-3). Suppose -g*p + 4 = 0, -2*r = 3*p - 0*p + 2. Let z = r + 25. Calculate the remainder when 62 is divided by z.
20
Let c be ((-6)/(-4))/((-3)/(-4)). Suppose 0*i + c*i = 0. Suppose -v + 15 + 0 = i. What is the remainder when 44 is divided by v?
14
Suppose -4*g + 54 = -90. Let x = g + -7. Calculate the remainder when x is divided by 10.
9
Let l(i) = i**3 + 9*i**2 - i - 2. What is the remainder when l(-9) is divided by 5?
2
Let t(g) = -g**2 - 8*g + 3. What is the remainder when 19 is divided by t(-7)?
9
Let q(n) = 5*n + 2. What is the remainder when q(11) is divided by 20?
17
Suppose 5*i = w - 23, i + 2*i = -4*w + 161. What is the remainder when (-1 - w/(-4))*2 is divided by 10?
7
Suppose 2*p - 5*x - 69 = 0, -225 = -5*p - x - 4*x. What is the remainder when p is divided by 11?
9
Let k(a) = 2*a**3 + 2*a**2 + a + 1. Calculate the remainder when k(2) is divided by 5.
2
Suppose -4*a - t = -11, 4*a + 4*t - 7 = -t. Calculate the remainder when (-2)/((-2)/a) - -19 is divided by 8.
6
What is the remainder when (-3)/((-84)/8)*21 is divided by 5?
1
Suppose 0 + 3 = 3*a. Suppose 0 = -i - a + 36. Calculate the remainder when i is divided by (-2)/8 - (-49)/4.
11
What is the remainder when 1/1*1*4*51 is divided by 52?
48
Let v = -5 - -14. What is the remainder when 32 is divided by v?
5
Suppose -3*k + 2*k = 19. Let m = k - -31. Calculate the remainder when 34 is divided by m.
10
Let p = -24 + 16. Let f(q) = -3*q - 11. Calculate the remainder when (20/(-6))/((-2)/15) is divided by f(p).
12
Let z be (-6)/(-4) + 27/6. Let p = -17 + 29. Calculate the remainder when (z/4)/(6/88) is divided by p.
10
What is the remainder when (-2 + 1)*(-176 - 1) is divided by 36?
33
Let l(z) = -z**2 - z + 4. Let p be l(-3). Let x(o) be the second derivative of -3*o**5/20 + o**3/3 - 2*o. Calculate the remainder when x(p) is divided by 7.
6
Suppose -210 + 66 = -6*t. What is the remainder when 69 is divided by t?
21
Suppose 0*c + 327 = 3*c. Suppose -3*o + 43 + 38 = 3*l, 3*l - c = -4*o. Suppose -p + 2 = -o. Calculate the remainder when p is divided by 16.
14
Suppose -234 = 2*g - 8*g. What is the remainder when 152 is divided by g?
35
Suppose -60 - 75 = -5*q. What is the remainder when q is divided by 6?
3
Let h = 35 - 23. Suppose -5*o = 25, 2*b - 2*o - 1 = -b. Calculate the remainder when 44 is divided by 92/h*(0 - b).
21
Suppose 58 = 2*o - 2*m, 2*m + 131 = 4*o + 3*m. Calculate the remainder when 62 is divided by o.
30
Suppose -1 = 4*g + 7. Calculate the remainder when 9/27 - (-11)/3 is divided by (-1)/g - 12/(-8).
0
Suppose 27 = 5*n - 8. Calculate the remainder when 34 is divided by n.
6
What is the remainder when 53 is divided by (-1164)/(-60) - (-4)/(-10)?
15
Suppose 0 = 2*h - 9 - 17. Calculate the remainder when 47 is divided by h.
8
Let v(q) be the second derivative of -q**5